{"id":22,"date":"2015-08-19T12:41:59","date_gmt":"2015-08-19T12:41:59","guid":{"rendered":"http:\/\/hevensen-online.de\/?page_id=22"},"modified":"2023-07-27T17:19:09","modified_gmt":"2023-07-27T17:19:09","slug":"home","status":"publish","type":"page","link":"https:\/\/hevensen-online.de\/","title":{"rendered":""},"content":{"rendered":"<blockquote>\n<p style=\"text-align: left;\"><span style=\"font-family: impact, sans-serif; font-size: 18pt;\">Herzlich Willkommen auf unserer Homepage. hevensen-online.de ist nicht die offizielle Homepage der Ortschaft Hevensen.\u00a0<\/span><\/p>\n<\/blockquote>\n<p><span style=\"font-family: verdana, geneva, sans-serif; font-size: 10pt;\">1025 Jahr Kirchweih Hevensen<\/span><br \/>\n<strong><span style=\"font-family: verdana, geneva, sans-serif; font-size: 14pt;\">Historischer Markt ist Auftakt zu Feierlichkeiten<\/span><\/strong><\/p>\n<p><a href=\"https:\/\/hevensen-online.de\/wp-content\/uploads\/2023\/07\/Foto04.jpg\"><img loading=\"lazy\" decoding=\"async\" class=\"aligncenter wp-image-857 size-poseidon-thumbnail-single\" src=\"https:\/\/hevensen-online.de\/wp-content\/uploads\/2023\/07\/Foto04-840x420.jpg\" alt=\"\" width=\"840\" height=\"420\" \/><\/a><\/p>\n<p><span style=\"font-family: verdana, geneva, sans-serif; font-size: 12pt;\">1025 Jahre Kirchweih steht in diesem Jahr \u00fcber der St.-Lamberti-Kirche zu Hevensen. Dieses Ereignis soll gefeiert werden. Am 5. Und 6. August l\u00e4dt die Gemeinde zum Fest ein. Den Auftakt bildet ein Historischer Markt am Samstag. Das Organisationsteam um Hermann Miotke hat dazu ein vielseitiges Programm auf die Beine gestellt. <a href=\"https:\/\/hevensen-online.de\/?page_id=853\">Weiter lesen..\u00a0<\/a><\/span><\/p>\n<hr \/>\n<table style=\"border-collapse: collapse; width: 100%;\">\n<tbody>\n<tr>\n<td style=\"width: 100%;\"><span style=\"font-family: verdana, geneva, sans-serif; font-size: 8pt;\">Versch\u00f6nerungsverein:<\/span><br \/>\n<strong><span style=\"font-family: verdana, geneva, sans-serif; font-size: 14pt;\">Jahreshauptversammlung 2023 <span style=\"color: #ff0000;\">Neuer Termin: 01. April\u00a0<\/span><\/span><\/strong><\/td>\n<\/tr>\n<tr>\n<td style=\"width: 100%;\"><a href=\"https:\/\/hevensen-online.de\/wp-content\/uploads\/2023\/02\/HV2023-1.jpg\"><img loading=\"lazy\" decoding=\"async\" class=\"alignleft wp-image-847 size-medium\" src=\"https:\/\/hevensen-online.de\/wp-content\/uploads\/2023\/02\/HV2023-1-212x300.jpg\" alt=\"\" width=\"212\" height=\"300\" srcset=\"https:\/\/hevensen-online.de\/wp-content\/uploads\/2023\/02\/HV2023-1-212x300.jpg 212w, https:\/\/hevensen-online.de\/wp-content\/uploads\/2023\/02\/HV2023-1.jpg 719w\" sizes=\"auto, (max-width: 212px) 100vw, 212px\" \/><\/a><\/p>\n<p><span style=\"font-family: verdana, geneva, sans-serif; font-size: 12pt;\">Die Jahreshauptversammlung des Versch\u00f6nerungsvereins Hevensen findet entgegen erster Ank\u00fcndigungen nicht am 04.03. sondern am 01.04 statt.\u00a0 Eingeladen sind alle Mitglieder. Interessierte B\u00fcrgerinnen und B\u00fcrger sind ebenfalls herzlich eingeladen. Interessierte k\u00f6nnen sich gern bei Torsten Henne (Telefon 0170 8035489) melden. Neben den Jahresberichten wird \u00fcber die k\u00fcnftige Ausrichtung des Vereins gesprochen. Im Anschluss sind alle Teilnehmenden zum Abendessen in gem\u00fctlicher Runde eingeladen.<\/span><\/td>\n<\/tr>\n<\/tbody>\n<\/table>\n<hr \/>\n<table style=\"border-collapse: collapse; width: 100%;\">\n<tbody>\n<tr>\n<td style=\"width: 100%;\"><span style=\"font-size: 8pt; font-family: verdana, geneva, sans-serif;\">Versch\u00f6nerungsverein<br \/>\n<\/span><span style=\"font-size: 14pt;\"><strong><span style=\"font-family: verdana, geneva, sans-serif;\">\u201eFastnacht meets Karneval\u201c etabliert sich!<\/span><\/strong><\/span><a href=\"https:\/\/hevensen-online.de\/wp-content\/uploads\/2023\/02\/Foto16.jpg\"><img loading=\"lazy\" decoding=\"async\" class=\"aligncenter wp-image-835 size-poseidon-thumbnail-single\" src=\"https:\/\/hevensen-online.de\/wp-content\/uploads\/2023\/02\/Foto16-840x420.jpg\" alt=\"\" width=\"840\" height=\"420\" \/><\/a><span style=\"font-family: verdana, geneva, sans-serif; font-size: 12pt;\">Viel Zeit blieb dem Organisationsteam f\u00fcr die Planung der 41. Hevenser Fastnacht in diesem Jahr nicht. Denn erst kurz vor Weihnachten wurde beschlossen, die Fastnacht nach zwei Jahren Corona-Pause wieder durchzuf\u00fchren. Ein fast ausverkaufter Saal war der Lohn f\u00fcr das Engagement der Mitglieder und Unterst\u00fctzer. Auch der Umzug mit W\u00fcrstesammeln, der erstmals eine Woche vorher stattfand, wurde von den Hevenserinnen und Hevenser angenommen. <a href=\"https:\/\/hevensen-online.de\/?page_id=833\">Weiter lesen..\u00a0<\/a><\/span><\/td>\n<\/tr>\n<\/tbody>\n<\/table>\n<hr \/>\n<table style=\"border-collapse: collapse; width: 100%;\">\n<tbody>\n<tr>\n<td style=\"width: 100%;\"><span style=\"font-family: verdana, geneva, sans-serif; font-size: 12pt;\"><span style=\"font-size: 8pt;\">SPD Hevensen<\/span><br style=\"font-size: 17px;\" \/><strong style=\"font-size: 17px;\"><span style=\"font-size: 14pt;\">Weihnachtsmarkt wieder gut besucht!<br \/>\n<\/span><\/strong>Der 37. Hevenser Weihnachtsmarkt am 30.11. war erneut sehr gut besucht. Nicht ohne Stolz blicken die Hevenser Sozialdemokrat*innen auf die langj\u00e4hrige Geschichte zur\u00fcck. Das Wetter spielte wieder mit. Sicherlich auch ein Grund, warum die G\u00e4ste so zahlreich kamen. Bericht und Bilder <a href=\"https:\/\/hevensen-online.de\/?page_id=642\">[HIER]<\/a>\u00a0<\/span><\/td>\n<\/tr>\n<\/tbody>\n<\/table>\n<table style=\"border-collapse: collapse; width: 100%;\">\n<tbody>\n<tr>\n<td style=\"width: 100%;\"><span style=\"font-family: verdana, geneva, sans-serif; font-size: 16px;\"><span style=\"font-size: 8pt;\">SPD Hevensen<\/span><br style=\"font-family: Ubuntu, Tahoma, Arial; font-size: 17px;\" \/><strong style=\"font-family: Ubuntu, Tahoma, Arial; font-size: 17px;\"><span style=\"font-family: verdana, geneva, sans-serif; font-size: 14pt;\">Seit 1989: Drachenfest ist Familienfest<\/span><\/strong><\/span><\/p>\n<p><span style=\"font-family: verdana, geneva, sans-serif; font-size: 16px;\">Im Jahr 1989 fand das erste Hevenser Drachenfest statt. &#8222;Es war eine dieser Schnapsideen, die wir damals hatten&#8220;, erinnert sich der damalige Schriftf\u00fchrer und heutige Vorsitzende der SPD Hevensen, Torsten Henne. Im Herbst 1989 sind die Hevenser Sozialdemokrat*innen mit einem Grill, Tische und B\u00e4nke und ein paar Kisten Kaltgetr\u00e4nken zum &#8222;Rischenau&#8220; (Feldmark zwischen Hevensen und Gladebeck) hinaus gezogen um das erste Hevenser Drachenfest aufzuziehen. <\/span><a style=\"font-family: verdana, geneva, sans-serif; font-size: 16px;\" href=\"https:\/\/hevensen-online.de\/?p=626\">Bericht lesen..\u00a0<\/a><\/td>\n<\/tr>\n<\/tbody>\n<\/table>\n<table style=\"border-collapse: collapse; width: 100%;\">\n<tbody>\n<tr>\n<td style=\"width: 100%;\"><span style=\"font-family: verdana, geneva, sans-serif; font-size: 10pt;\">SPD Hevensen:<\/span><br \/>\n<strong><span style=\"font-family: verdana, geneva, sans-serif; font-size: 14pt;\">Traditionelles Maibaumfest am 1. Mai<\/span><\/strong><span style=\"font-family: verdana, geneva, sans-serif; font-size: 16px;\">Das diesj\u00e4hrige Maibaumfest in Hevensen findet wieder am 1. Mai statt. Die Hevenser Sozialdemokraten laden alle B\u00fcrgerinnen und B\u00fcrger herzlich zu diesem Traditionsfest ein. Das Fest beginnt um 11:00 Uhr mit einem Fr\u00fchschoppen. Der Maibaum wird gegen 13:30 Uhr aufgestellt. Der frische Maikranz wurde am Sonntag zuvor von Hand gebunden.<\/span><a style=\"font-family: verdana, geneva, sans-serif; font-size: 16px;\" href=\"https:\/\/hevensen-online.de\/?page_id=608\">\u00a0[den ganzen Bericht lesen]<\/a><\/td>\n<\/tr>\n<\/tbody>\n<\/table>\n<p>&nbsp;<\/p>\n","protected":false},"excerpt":{"rendered":"<p>Herzlich Willkommen auf unserer Homepage. hevensen-online.de ist nicht die offizielle Homepage der Ortschaft Hevensen.\u00a0 1025 Jahr Kirchweih Hevensen Historischer Markt[&#8230;]<\/p>\n","protected":false},"author":1,"featured_media":0,"parent":0,"menu_order":0,"comment_status":"closed","ping_status":"closed","template":"","meta":{"footnotes":""},"class_list":["post-22","page","type-page","status-publish","hentry"],"_links":{"self":[{"href":"https:\/\/hevensen-online.de\/index.php?rest_route=\/wp\/v2\/pages\/22","targetHints":{"allow":["GET"]}}],"collection":[{"href":"https:\/\/hevensen-online.de\/index.php?rest_route=\/wp\/v2\/pages"}],"about":[{"href":"https:\/\/hevensen-online.de\/index.php?rest_route=\/wp\/v2\/types\/page"}],"author":[{"embeddable":true,"href":"https:\/\/hevensen-online.de\/index.php?rest_route=\/wp\/v2\/users\/1"}],"replies":[{"embeddable":true,"href":"https:\/\/hevensen-online.de\/index.php?rest_route=%2Fwp%2Fv2%2Fcomments&post=22"}],"version-history":[{"count":155,"href":"https:\/\/hevensen-online.de\/index.php?rest_route=\/wp\/v2\/pages\/22\/revisions"}],"predecessor-version":[{"id":858,"href":"https:\/\/hevensen-online.de\/index.php?rest_route=\/wp\/v2\/pages\/22\/revisions\/858"}],"wp:attachment":[{"href":"https:\/\/hevensen-online.de\/index.php?rest_route=%2Fwp%2Fv2%2Fmedia&parent=22"}],"curies":[{"name":"wp","href":"https:\/\/api.w.org\/{rel}","templated":true}]}}

<blockquote>
<p style="text-align: left;"><span style="font-family: impact, sans-serif; font-size: 18pt;">Herzlich Willkommen auf unserer Homepage. hevensen-online.de ist nicht die offizielle Homepage der Ortschaft Hevensen. </span></p>
</blockquote>
<p><span style="font-family: verdana, geneva, sans-serif; font-size: 10pt;">1025 Jahr Kirchweih Hevensen</span><br />
<strong><span style="font-family: verdana, geneva, sans-serif; font-size: 14pt;">Historischer Markt ist Auftakt zu Feierlichkeiten</span></strong></p>
<p><a href="https://hevensen-online.de/wp-content/uploads/2023/07/Foto04.jpg"><img loading="lazy" decoding="async" class="aligncenter wp-image-857 size-poseidon-thumbnail-single" src="https://hevensen-online.de/wp-content/uploads/2023/07/Foto04-840x420.jpg" alt="" width="840" height="420" /></a></p>
<p><span style="font-family: verdana, geneva, sans-serif; font-size: 12pt;">1025 Jahre Kirchweih steht in diesem Jahr über der St.-Lamberti-Kirche zu Hevensen. Dieses Ereignis soll gefeiert werden. Am 5. Und 6. August lädt die Gemeinde zum Fest ein. Den Auftakt bildet ein Historischer Markt am Samstag. Das Organisationsteam um Hermann Miotke hat dazu ein vielseitiges Programm auf die Beine gestellt. <a href="https://hevensen-online.de/?page_id=853">Weiter lesen.. </a></span></p>
<hr />
<table style="border-collapse: collapse; width: 100%;">
<tbody>
<tr>
<td style="width: 100%;"><span style="font-family: verdana, geneva, sans-serif; font-size: 8pt;">Verschönerungsverein:</span><br />
<strong><span style="font-family: verdana, geneva, sans-serif; font-size: 14pt;">Jahreshauptversammlung 2023 <span style="color: #ff0000;">Neuer Termin: 01. April </span></span></strong></td>
</tr>
<tr>
<td style="width: 100%;"><a href="https://hevensen-online.de/wp-content/uploads/2023/02/HV2023-1.jpg"><img loading="lazy" decoding="async" class="alignleft wp-image-847 size-medium" src="https://hevensen-online.de/wp-content/uploads/2023/02/HV2023-1-212x300.jpg" alt="" width="212" height="300" srcset="https://hevensen-online.de/wp-content/uploads/2023/02/HV2023-1-212x300.jpg 212w, https://hevensen-online.de/wp-content/uploads/2023/02/HV2023-1.jpg 719w" sizes="auto, (max-width: 212px) 100vw, 212px" /></a></p>
<p><span style="font-family: verdana, geneva, sans-serif; font-size: 12pt;">Die Jahreshauptversammlung des Verschönerungsvereins Hevensen findet entgegen erster Ankündigungen nicht am 04.03. sondern am 01.04 statt.  Eingeladen sind alle Mitglieder. Interessierte Bürgerinnen und Bürger sind ebenfalls herzlich eingeladen. Interessierte können sich gern bei Torsten Henne (Telefon 0170 8035489) melden. Neben den Jahresberichten wird über die künftige Ausrichtung des Vereins gesprochen. Im Anschluss sind alle Teilnehmenden zum Abendessen in gemütlicher Runde eingeladen.</span></td>
</tr>
</tbody>
</table>
<hr />
<table style="border-collapse: collapse; width: 100%;">
<tbody>
<tr>
<td style="width: 100%;"><span style="font-size: 8pt; font-family: verdana, geneva, sans-serif;">Verschönerungsverein<br />
</span><span style="font-size: 14pt;"><strong><span style="font-family: verdana, geneva, sans-serif;">„Fastnacht meets Karneval“ etabliert sich!</span></strong></span><a href="https://hevensen-online.de/wp-content/uploads/2023/02/Foto16.jpg"><img loading="lazy" decoding="async" class="aligncenter wp-image-835 size-poseidon-thumbnail-single" src="https://hevensen-online.de/wp-content/uploads/2023/02/Foto16-840x420.jpg" alt="" width="840" height="420" /></a><span style="font-family: verdana, geneva, sans-serif; font-size: 12pt;">Viel Zeit blieb dem Organisationsteam für die Planung der 41. Hevenser Fastnacht in diesem Jahr nicht. Denn erst kurz vor Weihnachten wurde beschlossen, die Fastnacht nach zwei Jahren Corona-Pause wieder durchzuführen. Ein fast ausverkaufter Saal war der Lohn für das Engagement der Mitglieder und Unterstützer. Auch der Umzug mit Würstesammeln, der erstmals eine Woche vorher stattfand, wurde von den Hevenserinnen und Hevenser angenommen. <a href="https://hevensen-online.de/?page_id=833">Weiter lesen.. </a></span></td>
</tr>
</tbody>
</table>
<hr />
<table style="border-collapse: collapse; width: 100%;">
<tbody>
<tr>
<td style="width: 100%;"><span style="font-family: verdana, geneva, sans-serif; font-size: 12pt;"><span style="font-size: 8pt;">SPD Hevensen</span><br style="font-size: 17px;" /><strong style="font-size: 17px;"><span style="font-size: 14pt;">Weihnachtsmarkt wieder gut besucht!<br />
</span></strong>Der 37. Hevenser Weihnachtsmarkt am 30.11. war erneut sehr gut besucht. Nicht ohne Stolz blicken die Hevenser Sozialdemokrat*innen auf die langjährige Geschichte zurück. Das Wetter spielte wieder mit. Sicherlich auch ein Grund, warum die Gäste so zahlreich kamen. Bericht und Bilder <a href="https://hevensen-online.de/?page_id=642">[HIER]</a> </span></td>
</tr>
</tbody>
</table>
<table style="border-collapse: collapse; width: 100%;">
<tbody>
<tr>
<td style="width: 100%;"><span style="font-family: verdana, geneva, sans-serif; font-size: 16px;"><span style="font-size: 8pt;">SPD Hevensen</span><br style="font-family: Ubuntu, Tahoma, Arial; font-size: 17px;" /><strong style="font-family: Ubuntu, Tahoma, Arial; font-size: 17px;"><span style="font-family: verdana, geneva, sans-serif; font-size: 14pt;">Seit 1989: Drachenfest ist Familienfest</span></strong></span></p>
<p><span style="font-family: verdana, geneva, sans-serif; font-size: 16px;">Im Jahr 1989 fand das erste Hevenser Drachenfest statt. &#8222;Es war eine dieser Schnapsideen, die wir damals hatten&#8220;, erinnert sich der damalige Schriftführer und heutige Vorsitzende der SPD Hevensen, Torsten Henne. Im Herbst 1989 sind die Hevenser Sozialdemokrat*innen mit einem Grill, Tische und Bänke und ein paar Kisten Kaltgetränken zum &#8222;Rischenau&#8220; (Feldmark zwischen Hevensen und Gladebeck) hinaus gezogen um das erste Hevenser Drachenfest aufzuziehen. </span><a style="font-family: verdana, geneva, sans-serif; font-size: 16px;" href="https://hevensen-online.de/?p=626">Bericht lesen.. </a></td>
</tr>
</tbody>
</table>
<table style="border-collapse: collapse; width: 100%;">
<tbody>
<tr>
<td style="width: 100%;"><span style="font-family: verdana, geneva, sans-serif; font-size: 10pt;">SPD Hevensen:</span><br />
<strong><span style="font-family: verdana, geneva, sans-serif; font-size: 14pt;">Traditionelles Maibaumfest am 1. Mai</span></strong><span style="font-family: verdana, geneva, sans-serif; font-size: 16px;">Das diesjährige Maibaumfest in Hevensen findet wieder am 1. Mai statt. Die Hevenser Sozialdemokraten laden alle Bürgerinnen und Bürger herzlich zu diesem Traditionsfest ein. Das Fest beginnt um 11:00 Uhr mit einem Frühschoppen. Der Maibaum wird gegen 13:30 Uhr aufgestellt. Der frische Maikranz wurde am Sonntag zuvor von Hand gebunden.</span><a style="font-family: verdana, geneva, sans-serif; font-size: 16px;" href="https://hevensen-online.de/?page_id=608"> [den ganzen Bericht lesen]</a></td>
</tr>
</tbody>
</table>
<p>&nbsp;</p>
