{"id":519,"date":"2019-02-16T09:43:53","date_gmt":"2019-02-16T09:43:53","guid":{"rendered":"http:\/\/hevensen-online.de\/?page_id=519"},"modified":"2019-02-17T08:45:47","modified_gmt":"2019-02-17T08:45:47","slug":"fastnacht-meets-karneval-es-war-schoen","status":"publish","type":"page","link":"https:\/\/hevensen-online.de\/?page_id=519","title":{"rendered":"&#8222;Fastnacht meets Karneval&#8220; es war sch\u00f6n.."},"content":{"rendered":"<p><span style=\"font-family: verdana, geneva, sans-serif; font-size: 12pt;\">Die Organisatoren der 39. Hevenser Fastnacht hatten sich im Vorfeld viel M\u00fche gegeben. Diese M\u00fchen haben sich am Ende gelohnt. Denn die Hevenser &#8222;Fastnachts Karnevalisten&#8220; durften sich \u00fcber einen gut gef\u00fcllten Saal im Dorfgemeinschaftshaus freuen. Auch das W\u00fcrstesammeln am Mittag lief beinahe &#8222;perfekt&#8220;. Da bleibt am Ende nur Danke zu sagen. Danke, an die G\u00e4ste, die Helfer\/innen und vielen Spender und Sponsoren<\/span><\/p>\n<figure id=\"attachment_516\" aria-describedby=\"caption-attachment-516\" style=\"width: 900px\" class=\"wp-caption aligncenter\"><img loading=\"lazy\" decoding=\"async\" class=\"wp-image-516 size-full\" src=\"https:\/\/hevensen-online.de\/wp-content\/uploads\/2019\/02\/Bild-Umzug-01.jpg\" alt=\"\" width=\"900\" height=\"600\" srcset=\"https:\/\/hevensen-online.de\/wp-content\/uploads\/2019\/02\/Bild-Umzug-01.jpg 900w, https:\/\/hevensen-online.de\/wp-content\/uploads\/2019\/02\/Bild-Umzug-01-300x200.jpg 300w, https:\/\/hevensen-online.de\/wp-content\/uploads\/2019\/02\/Bild-Umzug-01-840x560.jpg 840w, https:\/\/hevensen-online.de\/wp-content\/uploads\/2019\/02\/Bild-Umzug-01-120x80.jpg 120w, https:\/\/hevensen-online.de\/wp-content\/uploads\/2019\/02\/Bild-Umzug-01-360x240.jpg 360w, https:\/\/hevensen-online.de\/wp-content\/uploads\/2019\/02\/Bild-Umzug-01-600x400.jpg 600w\" sizes=\"auto, (max-width: 900px) 100vw, 900px\" \/><figcaption id=\"caption-attachment-516\" class=\"wp-caption-text\">Viele neue aktive waren beim W\u00fcrstesammeln dabei.<\/figcaption><\/figure>\n<p><span style=\"font-family: verdana, geneva, sans-serif; font-size: 12pt;\">P\u00fcnktlich um 13:00 Uhr fand der Fototermin an der Brinkfeldstra\u00dfe statt. Zuvor hatte J\u00fcrgen Ropeter seinen Traktor vor den gro\u00dfen Transportanh\u00e4nger des Schulbauernhofs geh\u00e4ngt und damit die die Kapelle und rund 30 Umzugsaktiven gekonnt vom DGH zum Hevenser Ortseingang chauffiert. Auf die Umzugsteilnehmer\/innen warteten schon die Kameradinnen und Kameraden der Feuerwehren aus Hevensen und Wolbrechtshausen, die den Umzug verkehrstechnisch absicherten.<\/span><\/p>\n<p><span style=\"font-family: verdana, geneva, sans-serif; font-size: 12pt;\">Bei fast trockenem Wetter ging es durch die Brinkfeldstra\u00dfe Richtung Ortsmitte. Von Haus zu Haus schw\u00e4rmten die Fastnachtsfrauen und Wursttr\u00e4ger aus. Viele Hevenserinnen und Hevenser zeigten sich spendenfreudig und warteten schon an der Haust\u00fcr, andere hatten was rausgestellt. Der Musikzug Th\u00fcdinghausen spielte an vielen Punkten immer wieder auf und sorgte damit f\u00fcr gute Stimmung. Gegen 16:30 Uhr traf der Umzug am Dorfgemeinschaftshaus ein. Es wurde reichlich gesammelt. Wurst, Gurken, Schnaps und Geld. Die &#8222;Montagsfrauen&#8220; hatten beim zubereiten der Wurstplatten alle H\u00e4nde voll zu tun.<\/span><\/p>\n<p><span style=\"font-family: verdana, geneva, sans-serif; font-size: 12pt;\">Um 18:00 Uhr war dann Einlass. Schnell f\u00fcllte sich das DGH. Um 18:30 Uhr begr\u00fc\u00dfte der Vorsitzende des Versch\u00f6nerungsvereins, Torsten Henne, die G\u00e4ste und lobte im Namen des Vereins das erste Fass Bier aus. Dazu wurden die Tische mit Wurst, Brot und Gurken gedeckt. Bei guter Blasmusik konnten sich die G\u00e4ste erst einmal st\u00e4rken.<\/span><\/p>\n<p><span style=\"font-family: verdana, geneva, sans-serif; font-size: 12pt;\">Um 19:30 Uhr er\u00f6ffnete Annett Naumann dann den karnevalistischen Teil des Abends. Sie konnte zu einem inzwischen prall gef\u00fcllten Saal sprechen. Als \u00dcberraschung pr\u00e4sentierten die Veranstalter mit &#8222;Sonja der 1ten&#8220; erstmals eine Karnevalsprinzessin. Nachdem sie proklamiert war \u00fcberreichte ihr Werner Thiele als Vorsitzender der IG Alte Schule symbolisch den Schl\u00fcssel f\u00fcrs Haus. Begr\u00fc\u00dfen konnte Annett Naumann auch Mitglieder des Elferrats, das Prinzenpaar und weitere Mitglieder der Karnevalsfreunde aus Hollenstedt. Die Hollenstedter hatten mit der Teeniegarde und der Prinzengarde gleich zwei Tanzgruppen mit nach Hevensen gebracht. Unter gro\u00dfem Beifall absolvierten die M\u00e4dels ihre Auftritte. Nicht unerw\u00e4hnt bleiben soll, dass in der Teeniegarde auch ein &#8222;Junge&#8220; mit von der Partie war. Weitere Auftritte aus der B\u00fctt gab es noch von Annett Naumann und Baumeister Dussel (Uwe Gehlkopf). F\u00fcr stimmungsvolle Musik sorgten die Th\u00fcdingh\u00e4user Musikanten. Die Tanzfl\u00e4che war schon fast zu klein. Die erste Hevenser &#8222;Karnevals-Fastnacht&#8220; war ein voller Erfolg &#8211; anders kann man es nicht sagen.<\/span><\/p>\n<figure id=\"attachment_517\" aria-describedby=\"caption-attachment-517\" style=\"width: 900px\" class=\"wp-caption aligncenter\"><img loading=\"lazy\" decoding=\"async\" class=\"wp-image-517 size-full\" src=\"https:\/\/hevensen-online.de\/wp-content\/uploads\/2019\/02\/Karneval-2019-Bild-24.jpg\" alt=\"\" width=\"900\" height=\"600\" srcset=\"https:\/\/hevensen-online.de\/wp-content\/uploads\/2019\/02\/Karneval-2019-Bild-24.jpg 900w, https:\/\/hevensen-online.de\/wp-content\/uploads\/2019\/02\/Karneval-2019-Bild-24-300x200.jpg 300w, https:\/\/hevensen-online.de\/wp-content\/uploads\/2019\/02\/Karneval-2019-Bild-24-840x560.jpg 840w, https:\/\/hevensen-online.de\/wp-content\/uploads\/2019\/02\/Karneval-2019-Bild-24-120x80.jpg 120w, https:\/\/hevensen-online.de\/wp-content\/uploads\/2019\/02\/Karneval-2019-Bild-24-360x240.jpg 360w, https:\/\/hevensen-online.de\/wp-content\/uploads\/2019\/02\/Karneval-2019-Bild-24-600x400.jpg 600w\" sizes=\"auto, (max-width: 900px) 100vw, 900px\" \/><figcaption id=\"caption-attachment-517\" class=\"wp-caption-text\">Volle Tanzfl\u00e4che &#8211; tolle Stimmung<\/figcaption><\/figure>\n<p><span style=\"font-family: verdana, geneva, sans-serif; font-size: 12pt;\">Der Versch\u00f6nerungsverein bedankt sich bei allen aktiven Helferinnen und Helfern. Es freut sehr, dass es dieses Mal viele neue Gesichter unter den Aktiven gab. Danke an die Sponsoren: W\u00e4scherei Meyer, MH BrandschutzService, KfZ Service N\u00f6lke &amp; Kuckuck, Warsteiner Brauerei, Getr\u00e4nke Wille, HSW bigprints. Danke auch f\u00fcr gro\u00dfz\u00fcgigen Freibierspenden von Silke und Marco H\u00f6\u00df, Ortsrat Hevensen, SPD Hevensen, Kreistagsabgeordnete Annett Naumann &amp; Karnevalsfreunde Hollenstedt. Auch ein Dankesch\u00f6n f\u00fcr die vielen Wurst, Schnaps- und Geldspenden an die Einwohnerinnen und Einwohner aus Hevensen. Nat\u00fcrlich geht der Dank auch an die Feuerwehren Hevensen und Wolbrechtshausen, sowie an J\u00fcrgen Ropeter und den Int. Schulbauernhof.\u00a0<\/span><\/p>\n","protected":false},"excerpt":{"rendered":"<p>Die Organisatoren der 39. Hevenser Fastnacht hatten sich im Vorfeld viel M\u00fche gegeben. Diese M\u00fchen haben sich am Ende gelohnt.[&#8230;]<\/p>\n","protected":false},"author":1,"featured_media":0,"parent":0,"menu_order":0,"comment_status":"closed","ping_status":"closed","template":"","meta":{"footnotes":""},"class_list":["post-519","page","type-page","status-publish","hentry"],"_links":{"self":[{"href":"https:\/\/hevensen-online.de\/index.php?rest_route=\/wp\/v2\/pages\/519","targetHints":{"allow":["GET"]}}],"collection":[{"href":"https:\/\/hevensen-online.de\/index.php?rest_route=\/wp\/v2\/pages"}],"about":[{"href":"https:\/\/hevensen-online.de\/index.php?rest_route=\/wp\/v2\/types\/page"}],"author":[{"embeddable":true,"href":"https:\/\/hevensen-online.de\/index.php?rest_route=\/wp\/v2\/users\/1"}],"replies":[{"embeddable":true,"href":"https:\/\/hevensen-online.de\/index.php?rest_route=%2Fwp%2Fv2%2Fcomments&post=519"}],"version-history":[{"count":3,"href":"https:\/\/hevensen-online.de\/index.php?rest_route=\/wp\/v2\/pages\/519\/revisions"}],"predecessor-version":[{"id":589,"href":"https:\/\/hevensen-online.de\/index.php?rest_route=\/wp\/v2\/pages\/519\/revisions\/589"}],"wp:attachment":[{"href":"https:\/\/hevensen-online.de\/index.php?rest_route=%2Fwp%2Fv2%2Fmedia&parent=519"}],"curies":[{"name":"wp","href":"https:\/\/api.w.org\/{rel}","templated":true}]}}