{"id":642,"date":"2019-12-04T21:15:25","date_gmt":"2019-12-04T21:15:25","guid":{"rendered":"http:\/\/hevensen-online.de\/?page_id=642"},"modified":"2019-12-04T21:15:25","modified_gmt":"2019-12-04T21:15:25","slug":"37-hevenser-weihnachtsmarkt","status":"publish","type":"page","link":"https:\/\/hevensen-online.de\/?page_id=642","title":{"rendered":"37. Hevenser Weihnachtsmarkt"},"content":{"rendered":"<p><a href=\"https:\/\/hevensen-online.de\/wp-content\/uploads\/2019\/12\/Foto001.jpg\"><img loading=\"lazy\" decoding=\"async\" class=\"alignleft wp-image-640 size-full\" src=\"https:\/\/hevensen-online.de\/wp-content\/uploads\/2019\/12\/Foto001.jpg\" alt=\"\" width=\"1000\" height=\"560\" srcset=\"https:\/\/hevensen-online.de\/wp-content\/uploads\/2019\/12\/Foto001.jpg 1000w, https:\/\/hevensen-online.de\/wp-content\/uploads\/2019\/12\/Foto001-300x168.jpg 300w\" sizes=\"auto, (max-width: 1000px) 100vw, 1000px\" \/><\/a><\/p>\n<p><span style=\"font-family: verdana, geneva, sans-serif; font-size: 12pt;\">Um kurz nach 15:00 Uhr er\u00f6ffnete die Leiterin des evangelischen Kindergartens, Siegrid R\u00f6der, gemeinsam dem Vorsitzenden der SPD Hevensen, Torsten Henne, mit einer kurzen Begr\u00fc\u00dfung den diesj\u00e4hrigen Weihnachtsmarkt in Hevensen. Wie schon in den Jahren zuvor Jahr schm\u00fcckten anschlie\u00dfend die Kindergartenkinder den Weihnachtsbaum mit selbst gebasteltem Baumschmuck. Dabei hatten die zahlreich erschienen Kinder mit ihren Eltern sehr viel Spa\u00df. Das sollte aber noch nicht alles von Kleinen gewesen sein. Nachdem der Baumschmuck angebracht war sangen die Kinder gemeinsam mit Eltern und Erzieherinnen &#8222;Oh Tannenbaum&#8220;. Im Anschluss bedankte sich Torsten Henne beim Kindergarten f\u00fcr die langj\u00e4hrige Unterst\u00fctzung des Hevenser Weihnachtsmarktes und \u00fcberreichte f\u00fcr die SPD Hevensen eine Geldspende. Henne berichtete auch, dass sich die vom st\u00e4dtischen Bauhof zuvor gelieferte Tanne aufgrund ihrer &#8222;Gr\u00f6\u00dfe&#8220; als Weihnachtsbaum f\u00fcr den Ort nicht eignete. Spontan h\u00e4tten Ortsb\u00fcrgermeister Henning Ropeter und er entschieden, den Baum auszutauschen. Den passenden Baum konnte man am Mittwoch zuvor am Baseballplatz &#8222;schlagen&#8220;\u00a0 und ihn anschlie\u00dfend am Thie aufstellen. An dieser Stelle ein Dankesch\u00f6n an die Hevensen Pioneers f\u00fcr diese etwas &#8222;andere Spende&#8220;.<\/span><\/p>\n<p><a href=\"https:\/\/hevensen-online.de\/wp-content\/uploads\/2019\/12\/Foto006.jpg\"><img loading=\"lazy\" decoding=\"async\" class=\"alignleft wp-image-643 size-full\" src=\"https:\/\/hevensen-online.de\/wp-content\/uploads\/2019\/12\/Foto006.jpg\" alt=\"\" width=\"1000\" height=\"560\" srcset=\"https:\/\/hevensen-online.de\/wp-content\/uploads\/2019\/12\/Foto006.jpg 1000w, https:\/\/hevensen-online.de\/wp-content\/uploads\/2019\/12\/Foto006-300x168.jpg 300w\" sizes=\"auto, (max-width: 1000px) 100vw, 1000px\" \/><\/a><\/p>\n<p><span style=\"font-family: verdana, geneva, sans-serif; font-size: 12pt;\">Auch wenn die wei\u00dfe Pracht von oben wieder fehlte kam bei leicht kaltem Winterwetter doch vorweihnachtliche Stimmung auf. Es gab wieder viel zu entdecken. Ob Antikes und Tr\u00f6del, Handarbeitskunst, Gestecke und Kerzen, zauberhafte Leuchtkugeln und Weihnachtsstr\u00e4u\u00dfe, eine Losbude f\u00fcr Gro\u00df und Klein \u2013 f\u00fcr jeden war etwas dabei. Nat\u00fcrlich wurde auch f\u00fcr das leibliche Wohl gesorgt. Cr\u00eapes, gebrannte Mandeln, Popcorn, Kinderpunsch und Gl\u00fchwein. Wer es deftiger mochte, griff zu Bratwurst, Krakauer oder Pommes. Auch in der Nikolausschenke war jede Menge los. Wem es drau\u00dfen zu kalt war, konnte in der weihnachtlichen Atmosph\u00e4re hier sein Essen und seine Getr\u00e4nke genie\u00dfen. Im Luthersaal wartete ein leckeres Kuchen- und Tortenb\u00fcfett auf die G\u00e4ste und Besucher.<\/span><\/p>\n<p><span style=\"font-family: verdana, geneva, sans-serif; font-size: 12pt;\">Mit Einbruch der Dunkelheit erstrahlte der Hevenser Weihnachtsmarkt in seiner kleinen Pracht. Alle St\u00e4nde waren festlich beleuchtet und gegen 17:00 Uhr spielte eine aus jung &amp; alt bestehende Formation des Musikvereins Wolbrechtshausen einige weihnachtliche Musikst\u00fccke. Um 17:30 Uhr erschien dann wie gewohnt noch der Weihnachtsmann. Auf dem R\u00fccken einen prall gef\u00fcllten Sack mit Leckereien f\u00fcr die Kinder, die ihn nat\u00fcrlich mit einem gro\u00dfen \u201eHallo\u201c begr\u00fc\u00dften. Umringt von den Kleinen verteilte er seinen s\u00fc\u00dfen Inhalt.<\/span><\/p>\n<p><span style=\"font-family: verdana, geneva, sans-serif; font-size: 12pt;\">Die Besucher schienen sich wohl zu f\u00fchlen und sich gut versorgt zu wissen, denn auch noch nach dem Besuch des Weihnachtsmannes waren die St\u00e4nde gut besucht. Die SPD Hevensen bedankt sich als Veranstalter an dieser Stelle bei allen, die zum Erfolg des Weihnachtsmarktes beigetragen haben. Namentlich auch ein Dankesch\u00f6n an den Musikverein f\u00fcr die musikalische Unterst\u00fctzung.<\/span><\/p>\n<div id='gallery-1' class='gallery galleryid-642 gallery-columns-3 gallery-size-medium'><figure class='gallery-item'>\n\t\t\t<div class='gallery-icon landscape'>\n\t\t\t\t<a href='https:\/\/hevensen-online.de\/wp-content\/uploads\/2019\/12\/Foto006.jpg'><img loading=\"lazy\" decoding=\"async\" width=\"300\" height=\"168\" src=\"https:\/\/hevensen-online.de\/wp-content\/uploads\/2019\/12\/Foto006-300x168.jpg\" class=\"attachment-medium size-medium\" alt=\"\" srcset=\"https:\/\/hevensen-online.de\/wp-content\/uploads\/2019\/12\/Foto006-300x168.jpg 300w, https:\/\/hevensen-online.de\/wp-content\/uploads\/2019\/12\/Foto006.jpg 1000w\" sizes=\"auto, (max-width: 300px) 100vw, 300px\" \/><\/a>\n\t\t\t<\/div><\/figure><figure class='gallery-item'>\n\t\t\t<div class='gallery-icon landscape'>\n\t\t\t\t<a href='https:\/\/hevensen-online.de\/wp-content\/uploads\/2019\/12\/Foto002.jpg'><img loading=\"lazy\" decoding=\"async\" width=\"300\" height=\"168\" src=\"https:\/\/hevensen-online.de\/wp-content\/uploads\/2019\/12\/Foto002-300x168.jpg\" class=\"attachment-medium size-medium\" alt=\"\" srcset=\"https:\/\/hevensen-online.de\/wp-content\/uploads\/2019\/12\/Foto002-300x168.jpg 300w, https:\/\/hevensen-online.de\/wp-content\/uploads\/2019\/12\/Foto002.jpg 1000w\" sizes=\"auto, (max-width: 300px) 100vw, 300px\" \/><\/a>\n\t\t\t<\/div><\/figure><figure class='gallery-item'>\n\t\t\t<div class='gallery-icon landscape'>\n\t\t\t\t<a href='https:\/\/hevensen-online.de\/wp-content\/uploads\/2019\/12\/Foto003.jpg'><img loading=\"lazy\" decoding=\"async\" width=\"300\" height=\"168\" src=\"https:\/\/hevensen-online.de\/wp-content\/uploads\/2019\/12\/Foto003-300x168.jpg\" class=\"attachment-medium size-medium\" alt=\"\" srcset=\"https:\/\/hevensen-online.de\/wp-content\/uploads\/2019\/12\/Foto003-300x168.jpg 300w, https:\/\/hevensen-online.de\/wp-content\/uploads\/2019\/12\/Foto003.jpg 1000w\" sizes=\"auto, (max-width: 300px) 100vw, 300px\" \/><\/a>\n\t\t\t<\/div><\/figure><figure class='gallery-item'>\n\t\t\t<div class='gallery-icon landscape'>\n\t\t\t\t<a href='https:\/\/hevensen-online.de\/wp-content\/uploads\/2019\/12\/Foto004.jpg'><img loading=\"lazy\" decoding=\"async\" width=\"300\" height=\"168\" src=\"https:\/\/hevensen-online.de\/wp-content\/uploads\/2019\/12\/Foto004-300x168.jpg\" class=\"attachment-medium size-medium\" alt=\"\" srcset=\"https:\/\/hevensen-online.de\/wp-content\/uploads\/2019\/12\/Foto004-300x168.jpg 300w, https:\/\/hevensen-online.de\/wp-content\/uploads\/2019\/12\/Foto004.jpg 1000w\" sizes=\"auto, (max-width: 300px) 100vw, 300px\" \/><\/a>\n\t\t\t<\/div><\/figure><figure class='gallery-item'>\n\t\t\t<div class='gallery-icon landscape'>\n\t\t\t\t<a href='https:\/\/hevensen-online.de\/wp-content\/uploads\/2019\/12\/Foto005.jpg'><img loading=\"lazy\" decoding=\"async\" width=\"300\" height=\"168\" src=\"https:\/\/hevensen-online.de\/wp-content\/uploads\/2019\/12\/Foto005-300x168.jpg\" class=\"attachment-medium size-medium\" alt=\"\" srcset=\"https:\/\/hevensen-online.de\/wp-content\/uploads\/2019\/12\/Foto005-300x168.jpg 300w, https:\/\/hevensen-online.de\/wp-content\/uploads\/2019\/12\/Foto005.jpg 1000w\" sizes=\"auto, (max-width: 300px) 100vw, 300px\" \/><\/a>\n\t\t\t<\/div><\/figure><figure class='gallery-item'>\n\t\t\t<div class='gallery-icon landscape'>\n\t\t\t\t<a href='https:\/\/hevensen-online.de\/wp-content\/uploads\/2019\/12\/Foto007.jpg'><img loading=\"lazy\" decoding=\"async\" width=\"300\" height=\"168\" src=\"https:\/\/hevensen-online.de\/wp-content\/uploads\/2019\/12\/Foto007-300x168.jpg\" class=\"attachment-medium size-medium\" alt=\"\" srcset=\"https:\/\/hevensen-online.de\/wp-content\/uploads\/2019\/12\/Foto007-300x168.jpg 300w, https:\/\/hevensen-online.de\/wp-content\/uploads\/2019\/12\/Foto007.jpg 1000w\" sizes=\"auto, (max-width: 300px) 100vw, 300px\" \/><\/a>\n\t\t\t<\/div><\/figure><figure class='gallery-item'>\n\t\t\t<div class='gallery-icon landscape'>\n\t\t\t\t<a href='https:\/\/hevensen-online.de\/wp-content\/uploads\/2019\/12\/Foto007a.jpg'><img loading=\"lazy\" decoding=\"async\" width=\"300\" height=\"168\" src=\"https:\/\/hevensen-online.de\/wp-content\/uploads\/2019\/12\/Foto007a-300x168.jpg\" class=\"attachment-medium size-medium\" alt=\"\" srcset=\"https:\/\/hevensen-online.de\/wp-content\/uploads\/2019\/12\/Foto007a-300x168.jpg 300w, https:\/\/hevensen-online.de\/wp-content\/uploads\/2019\/12\/Foto007a.jpg 1000w\" sizes=\"auto, (max-width: 300px) 100vw, 300px\" \/><\/a>\n\t\t\t<\/div><\/figure><figure class='gallery-item'>\n\t\t\t<div class='gallery-icon landscape'>\n\t\t\t\t<a href='https:\/\/hevensen-online.de\/wp-content\/uploads\/2019\/12\/Foto008.jpg'><img loading=\"lazy\" decoding=\"async\" width=\"300\" height=\"168\" src=\"https:\/\/hevensen-online.de\/wp-content\/uploads\/2019\/12\/Foto008-300x168.jpg\" class=\"attachment-medium size-medium\" alt=\"\" srcset=\"https:\/\/hevensen-online.de\/wp-content\/uploads\/2019\/12\/Foto008-300x168.jpg 300w, https:\/\/hevensen-online.de\/wp-content\/uploads\/2019\/12\/Foto008.jpg 1000w\" sizes=\"auto, (max-width: 300px) 100vw, 300px\" \/><\/a>\n\t\t\t<\/div><\/figure><figure class='gallery-item'>\n\t\t\t<div class='gallery-icon landscape'>\n\t\t\t\t<a href='https:\/\/hevensen-online.de\/wp-content\/uploads\/2019\/12\/Foto009.jpg'><img loading=\"lazy\" decoding=\"async\" width=\"300\" height=\"168\" src=\"https:\/\/hevensen-online.de\/wp-content\/uploads\/2019\/12\/Foto009-300x168.jpg\" class=\"attachment-medium size-medium\" alt=\"\" srcset=\"https:\/\/hevensen-online.de\/wp-content\/uploads\/2019\/12\/Foto009-300x168.jpg 300w, https:\/\/hevensen-online.de\/wp-content\/uploads\/2019\/12\/Foto009.jpg 1000w\" sizes=\"auto, (max-width: 300px) 100vw, 300px\" \/><\/a>\n\t\t\t<\/div><\/figure><figure class='gallery-item'>\n\t\t\t<div class='gallery-icon landscape'>\n\t\t\t\t<a href='https:\/\/hevensen-online.de\/wp-content\/uploads\/2019\/12\/Foto010.jpg'><img loading=\"lazy\" decoding=\"async\" width=\"300\" height=\"168\" src=\"https:\/\/hevensen-online.de\/wp-content\/uploads\/2019\/12\/Foto010-300x168.jpg\" class=\"attachment-medium size-medium\" alt=\"\" srcset=\"https:\/\/hevensen-online.de\/wp-content\/uploads\/2019\/12\/Foto010-300x168.jpg 300w, https:\/\/hevensen-online.de\/wp-content\/uploads\/2019\/12\/Foto010.jpg 1000w\" sizes=\"auto, (max-width: 300px) 100vw, 300px\" \/><\/a>\n\t\t\t<\/div><\/figure>\n\t\t<\/div>\n\n","protected":false},"excerpt":{"rendered":"<p>Um kurz nach 15:00 Uhr er\u00f6ffnete die Leiterin des evangelischen Kindergartens, Siegrid R\u00f6der, gemeinsam dem Vorsitzenden der SPD Hevensen, Torsten[&#8230;]<\/p>\n","protected":false},"author":1,"featured_media":0,"parent":0,"menu_order":0,"comment_status":"closed","ping_status":"closed","template":"","meta":{"footnotes":""},"class_list":["post-642","page","type-page","status-publish","hentry"],"_links":{"self":[{"href":"https:\/\/hevensen-online.de\/index.php?rest_route=\/wp\/v2\/pages\/642","targetHints":{"allow":["GET"]}}],"collection":[{"href":"https:\/\/hevensen-online.de\/index.php?rest_route=\/wp\/v2\/pages"}],"about":[{"href":"https:\/\/hevensen-online.de\/index.php?rest_route=\/wp\/v2\/types\/page"}],"author":[{"embeddable":true,"href":"https:\/\/hevensen-online.de\/index.php?rest_route=\/wp\/v2\/users\/1"}],"replies":[{"embeddable":true,"href":"https:\/\/hevensen-online.de\/index.php?rest_route=%2Fwp%2Fv2%2Fcomments&post=642"}],"version-history":[{"count":2,"href":"https:\/\/hevensen-online.de\/index.php?rest_route=\/wp\/v2\/pages\/642\/revisions"}],"predecessor-version":[{"id":656,"href":"https:\/\/hevensen-online.de\/index.php?rest_route=\/wp\/v2\/pages\/642\/revisions\/656"}],"wp:attachment":[{"href":"https:\/\/hevensen-online.de\/index.php?rest_route=%2Fwp%2Fv2%2Fmedia&parent=642"}],"curies":[{"name":"wp","href":"https:\/\/api.w.org\/{rel}","templated":true}]}}

<p><a href="https://hevensen-online.de/wp-content/uploads/2019/12/Foto001.jpg"><img loading="lazy" decoding="async" class="alignleft wp-image-640 size-full" src="https://hevensen-online.de/wp-content/uploads/2019/12/Foto001.jpg" alt="" width="1000" height="560" srcset="https://hevensen-online.de/wp-content/uploads/2019/12/Foto001.jpg 1000w, https://hevensen-online.de/wp-content/uploads/2019/12/Foto001-300x168.jpg 300w" sizes="auto, (max-width: 1000px) 100vw, 1000px" /></a></p>
<p><span style="font-family: verdana, geneva, sans-serif; font-size: 12pt;">Um kurz nach 15:00 Uhr eröffnete die Leiterin des evangelischen Kindergartens, Siegrid Röder, gemeinsam dem Vorsitzenden der SPD Hevensen, Torsten Henne, mit einer kurzen Begrüßung den diesjährigen Weihnachtsmarkt in Hevensen. Wie schon in den Jahren zuvor Jahr schmückten anschließend die Kindergartenkinder den Weihnachtsbaum mit selbst gebasteltem Baumschmuck. Dabei hatten die zahlreich erschienen Kinder mit ihren Eltern sehr viel Spaß. Das sollte aber noch nicht alles von Kleinen gewesen sein. Nachdem der Baumschmuck angebracht war sangen die Kinder gemeinsam mit Eltern und Erzieherinnen &#8222;Oh Tannenbaum&#8220;. Im Anschluss bedankte sich Torsten Henne beim Kindergarten für die langjährige Unterstützung des Hevenser Weihnachtsmarktes und überreichte für die SPD Hevensen eine Geldspende. Henne berichtete auch, dass sich die vom städtischen Bauhof zuvor gelieferte Tanne aufgrund ihrer &#8222;Größe&#8220; als Weihnachtsbaum für den Ort nicht eignete. Spontan hätten Ortsbürgermeister Henning Ropeter und er entschieden, den Baum auszutauschen. Den passenden Baum konnte man am Mittwoch zuvor am Baseballplatz &#8222;schlagen&#8220;  und ihn anschließend am Thie aufstellen. An dieser Stelle ein Dankeschön an die Hevensen Pioneers für diese etwas &#8222;andere Spende&#8220;.</span></p>
<p><a href="https://hevensen-online.de/wp-content/uploads/2019/12/Foto006.jpg"><img loading="lazy" decoding="async" class="alignleft wp-image-643 size-full" src="https://hevensen-online.de/wp-content/uploads/2019/12/Foto006.jpg" alt="" width="1000" height="560" srcset="https://hevensen-online.de/wp-content/uploads/2019/12/Foto006.jpg 1000w, https://hevensen-online.de/wp-content/uploads/2019/12/Foto006-300x168.jpg 300w" sizes="auto, (max-width: 1000px) 100vw, 1000px" /></a></p>
<p><span style="font-family: verdana, geneva, sans-serif; font-size: 12pt;">Auch wenn die weiße Pracht von oben wieder fehlte kam bei leicht kaltem Winterwetter doch vorweihnachtliche Stimmung auf. Es gab wieder viel zu entdecken. Ob Antikes und Trödel, Handarbeitskunst, Gestecke und Kerzen, zauberhafte Leuchtkugeln und Weihnachtssträuße, eine Losbude für Groß und Klein – für jeden war etwas dabei. Natürlich wurde auch für das leibliche Wohl gesorgt. Crêpes, gebrannte Mandeln, Popcorn, Kinderpunsch und Glühwein. Wer es deftiger mochte, griff zu Bratwurst, Krakauer oder Pommes. Auch in der Nikolausschenke war jede Menge los. Wem es draußen zu kalt war, konnte in der weihnachtlichen Atmosphäre hier sein Essen und seine Getränke genießen. Im Luthersaal wartete ein leckeres Kuchen- und Tortenbüfett auf die Gäste und Besucher.</span></p>
<p><span style="font-family: verdana, geneva, sans-serif; font-size: 12pt;">Mit Einbruch der Dunkelheit erstrahlte der Hevenser Weihnachtsmarkt in seiner kleinen Pracht. Alle Stände waren festlich beleuchtet und gegen 17:00 Uhr spielte eine aus jung &amp; alt bestehende Formation des Musikvereins Wolbrechtshausen einige weihnachtliche Musikstücke. Um 17:30 Uhr erschien dann wie gewohnt noch der Weihnachtsmann. Auf dem Rücken einen prall gefüllten Sack mit Leckereien für die Kinder, die ihn natürlich mit einem großen „Hallo“ begrüßten. Umringt von den Kleinen verteilte er seinen süßen Inhalt.</span></p>
<p><span style="font-family: verdana, geneva, sans-serif; font-size: 12pt;">Die Besucher schienen sich wohl zu fühlen und sich gut versorgt zu wissen, denn auch noch nach dem Besuch des Weihnachtsmannes waren die Stände gut besucht. Die SPD Hevensen bedankt sich als Veranstalter an dieser Stelle bei allen, die zum Erfolg des Weihnachtsmarktes beigetragen haben. Namentlich auch ein Dankeschön an den Musikverein für die musikalische Unterstützung.</span></p>
<div id='gallery-1' class='gallery galleryid-642 gallery-columns-3 gallery-size-medium'><figure class='gallery-item'>
			<div class='gallery-icon landscape'>
				<a href='https://hevensen-online.de/wp-content/uploads/2019/12/Foto006.jpg'><img loading="lazy" decoding="async" width="300" height="168" src="https://hevensen-online.de/wp-content/uploads/2019/12/Foto006-300x168.jpg" class="attachment-medium size-medium" alt="" srcset="https://hevensen-online.de/wp-content/uploads/2019/12/Foto006-300x168.jpg 300w, https://hevensen-online.de/wp-content/uploads/2019/12/Foto006.jpg 1000w" sizes="auto, (max-width: 300px) 100vw, 300px" /></a>
			</div></figure><figure class='gallery-item'>
			<div class='gallery-icon landscape'>
				<a href='https://hevensen-online.de/wp-content/uploads/2019/12/Foto002.jpg'><img loading="lazy" decoding="async" width="300" height="168" src="https://hevensen-online.de/wp-content/uploads/2019/12/Foto002-300x168.jpg" class="attachment-medium size-medium" alt="" srcset="https://hevensen-online.de/wp-content/uploads/2019/12/Foto002-300x168.jpg 300w, https://hevensen-online.de/wp-content/uploads/2019/12/Foto002.jpg 1000w" sizes="auto, (max-width: 300px) 100vw, 300px" /></a>
			</div></figure><figure class='gallery-item'>
			<div class='gallery-icon landscape'>
				<a href='https://hevensen-online.de/wp-content/uploads/2019/12/Foto003.jpg'><img loading="lazy" decoding="async" width="300" height="168" src="https://hevensen-online.de/wp-content/uploads/2019/12/Foto003-300x168.jpg" class="attachment-medium size-medium" alt="" srcset="https://hevensen-online.de/wp-content/uploads/2019/12/Foto003-300x168.jpg 300w, https://hevensen-online.de/wp-content/uploads/2019/12/Foto003.jpg 1000w" sizes="auto, (max-width: 300px) 100vw, 300px" /></a>
			</div></figure><figure class='gallery-item'>
			<div class='gallery-icon landscape'>
				<a href='https://hevensen-online.de/wp-content/uploads/2019/12/Foto004.jpg'><img loading="lazy" decoding="async" width="300" height="168" src="https://hevensen-online.de/wp-content/uploads/2019/12/Foto004-300x168.jpg" class="attachment-medium size-medium" alt="" srcset="https://hevensen-online.de/wp-content/uploads/2019/12/Foto004-300x168.jpg 300w, https://hevensen-online.de/wp-content/uploads/2019/12/Foto004.jpg 1000w" sizes="auto, (max-width: 300px) 100vw, 300px" /></a>
			</div></figure><figure class='gallery-item'>
			<div class='gallery-icon landscape'>
				<a href='https://hevensen-online.de/wp-content/uploads/2019/12/Foto005.jpg'><img loading="lazy" decoding="async" width="300" height="168" src="https://hevensen-online.de/wp-content/uploads/2019/12/Foto005-300x168.jpg" class="attachment-medium size-medium" alt="" srcset="https://hevensen-online.de/wp-content/uploads/2019/12/Foto005-300x168.jpg 300w, https://hevensen-online.de/wp-content/uploads/2019/12/Foto005.jpg 1000w" sizes="auto, (max-width: 300px) 100vw, 300px" /></a>
			</div></figure><figure class='gallery-item'>
			<div class='gallery-icon landscape'>
				<a href='https://hevensen-online.de/wp-content/uploads/2019/12/Foto007.jpg'><img loading="lazy" decoding="async" width="300" height="168" src="https://hevensen-online.de/wp-content/uploads/2019/12/Foto007-300x168.jpg" class="attachment-medium size-medium" alt="" srcset="https://hevensen-online.de/wp-content/uploads/2019/12/Foto007-300x168.jpg 300w, https://hevensen-online.de/wp-content/uploads/2019/12/Foto007.jpg 1000w" sizes="auto, (max-width: 300px) 100vw, 300px" /></a>
			</div></figure><figure class='gallery-item'>
			<div class='gallery-icon landscape'>
				<a href='https://hevensen-online.de/wp-content/uploads/2019/12/Foto007a.jpg'><img loading="lazy" decoding="async" width="300" height="168" src="https://hevensen-online.de/wp-content/uploads/2019/12/Foto007a-300x168.jpg" class="attachment-medium size-medium" alt="" srcset="https://hevensen-online.de/wp-content/uploads/2019/12/Foto007a-300x168.jpg 300w, https://hevensen-online.de/wp-content/uploads/2019/12/Foto007a.jpg 1000w" sizes="auto, (max-width: 300px) 100vw, 300px" /></a>
			</div></figure><figure class='gallery-item'>
			<div class='gallery-icon landscape'>
				<a href='https://hevensen-online.de/wp-content/uploads/2019/12/Foto008.jpg'><img loading="lazy" decoding="async" width="300" height="168" src="https://hevensen-online.de/wp-content/uploads/2019/12/Foto008-300x168.jpg" class="attachment-medium size-medium" alt="" srcset="https://hevensen-online.de/wp-content/uploads/2019/12/Foto008-300x168.jpg 300w, https://hevensen-online.de/wp-content/uploads/2019/12/Foto008.jpg 1000w" sizes="auto, (max-width: 300px) 100vw, 300px" /></a>
			</div></figure><figure class='gallery-item'>
			<div class='gallery-icon landscape'>
				<a href='https://hevensen-online.de/wp-content/uploads/2019/12/Foto009.jpg'><img loading="lazy" decoding="async" width="300" height="168" src="https://hevensen-online.de/wp-content/uploads/2019/12/Foto009-300x168.jpg" class="attachment-medium size-medium" alt="" srcset="https://hevensen-online.de/wp-content/uploads/2019/12/Foto009-300x168.jpg 300w, https://hevensen-online.de/wp-content/uploads/2019/12/Foto009.jpg 1000w" sizes="auto, (max-width: 300px) 100vw, 300px" /></a>
			</div></figure><figure class='gallery-item'>
			<div class='gallery-icon landscape'>
				<a href='https://hevensen-online.de/wp-content/uploads/2019/12/Foto010.jpg'><img loading="lazy" decoding="async" width="300" height="168" src="https://hevensen-online.de/wp-content/uploads/2019/12/Foto010-300x168.jpg" class="attachment-medium size-medium" alt="" srcset="https://hevensen-online.de/wp-content/uploads/2019/12/Foto010-300x168.jpg 300w, https://hevensen-online.de/wp-content/uploads/2019/12/Foto010.jpg 1000w" sizes="auto, (max-width: 300px) 100vw, 300px" /></a>
			</div></figure>
		</div>

<p>Um kurz nach 15:00 Uhr eröffnete die Leiterin des evangelischen Kindergartens, Siegrid Röder, gemeinsam dem Vorsitzenden der SPD Hevensen, Torsten[&#8230;]</p>
